{"id":38,"date":"2019-11-08T17:21:53","date_gmt":"2019-11-08T17:21:53","guid":{"rendered":"http:\/\/bi-erdkabel-innerstetal-und-umgebung.de\/?page_id=38"},"modified":"2019-11-08T17:21:53","modified_gmt":"2019-11-08T17:21:53","slug":"sponsoren","status":"publish","type":"page","link":"http:\/\/bi-erdkabel-innerstetal-und-umgebung.de\/?page_id=38","title":{"rendered":"Sponsoren"},"content":{"rendered":"\n<h2>eula Einrichtungen<\/h2>\n\n\n\n<p><strong>eula\nwurde gegr\u00fcndet 1983, zun\u00e4chst als Verein mit dem Ziel, \u00fcber die\nM\u00f6glichkeiten und den Einsatz \u00f6kologischer Baustoffe aufzukl\u00e4ren,\nbis 1990 ein Laden f\u00fcr Innenraumgestaltung daraus wurde.<\/strong><\/p>\n\n\n\n<p><strong>Zahlreiche Referenzen im Bereich Innenarchitektur und\n-planung empfehlen eula als kompetenten Partner in\nEinrichtungsbelangen.<br>\n5 Mitarbeiter, allesamt mit Bezug zum\nHandwerk (Tischler, Schreiner), beraten, planen, bauen und verkaufen\nalles was man braucht, um sch\u00f6n zu wohnen und einfach gut zu leben;\nmit anspruchsvollem Design, solidem Handwerk und \u00f6kologisch\nunbedenklichen Produkten.<\/strong><\/p>\n\n\n\n<p><strong><a href=\"http:\/\/www.eula.de\/W\/root\/menu2\/Unternehmen\/Hersteller\/index1.jsp\" target=\"_blank\" rel=\"noreferrer noopener\">Klick\nhier zur Fa. eula Einrichtungen Braunschweig&nbsp;<\/a><\/strong><\/p>\n\n\n\n<h2>Heizen eiskalt<\/h2>\n\n\n\n<p><strong><a href=\"https:\/\/heizen-eiskalt.de\/\">Heizen eiskalt<\/a> &#8211; Energiekosten sparen und umweltfreundlich heizen<br> Viele haben uns gefragt, warum wir die Seite \u201eheizen-eiskalt\u201c genannt haben. Kurz gesagt, es ist unser Motto. Wir heizen eiskalt mit einer Eisspeicherheizung. In Zeiten, in denen Energie sparen immer mehr zum Thema wird, bieten wir Ihnen W\u00e4rmeerzeugung und K\u00fchlung mit Eis zu wirtschaftlich berechenbaren Herstellungskosten. Wir nutzen hier die unterschiedlichen nat\u00fcrlichen Energiequellen und den kostenlosen Photovoltaik-Strom f\u00fcr einen \u00f6kologischen, nachhaltigen und regenerativen Betrieb, damit sie ihren zuk\u00fcnftigen Energiekosten eiskalt ins Auge sehen k\u00f6nnen.<\/strong><\/p>\n","protected":false},"excerpt":{"rendered":"<p>eula Einrichtungen eula wurde gegr\u00fcndet 1983, zun\u00e4chst als Verein mit dem Ziel, \u00fcber die M\u00f6glichkeiten und den Einsatz \u00f6kologischer Baustoffe&hellip;<\/p>\n","protected":false},"author":1,"featured_media":0,"parent":0,"menu_order":0,"comment_status":"closed","ping_status":"closed","template":"","meta":{"spay_email":""},"_links":{"self":[{"href":"http:\/\/bi-erdkabel-innerstetal-und-umgebung.de\/index.php?rest_route=\/wp\/v2\/pages\/38"}],"collection":[{"href":"http:\/\/bi-erdkabel-innerstetal-und-umgebung.de\/index.php?rest_route=\/wp\/v2\/pages"}],"about":[{"href":"http:\/\/bi-erdkabel-innerstetal-und-umgebung.de\/index.php?rest_route=\/wp\/v2\/types\/page"}],"author":[{"embeddable":true,"href":"http:\/\/bi-erdkabel-innerstetal-und-umgebung.de\/index.php?rest_route=\/wp\/v2\/users\/1"}],"replies":[{"embeddable":true,"href":"http:\/\/bi-erdkabel-innerstetal-und-umgebung.de\/index.php?rest_route=%2Fwp%2Fv2%2Fcomments&post=38"}],"version-history":[{"count":2,"href":"http:\/\/bi-erdkabel-innerstetal-und-umgebung.de\/index.php?rest_route=\/wp\/v2\/pages\/38\/revisions"}],"predecessor-version":[{"id":40,"href":"http:\/\/bi-erdkabel-innerstetal-und-umgebung.de\/index.php?rest_route=\/wp\/v2\/pages\/38\/revisions\/40"}],"wp:attachment":[{"href":"http:\/\/bi-erdkabel-innerstetal-und-umgebung.de\/index.php?rest_route=%2Fwp%2Fv2%2Fmedia&parent=38"}],"curies":[{"name":"wp","href":"https:\/\/api.w.org\/{rel}","templated":true}]}}