{"id":43,"date":"2019-11-08T17:23:58","date_gmt":"2019-11-08T17:23:58","guid":{"rendered":"http:\/\/bi-erdkabel-innerstetal-und-umgebung.de\/?page_id=43"},"modified":"2019-11-08T17:23:58","modified_gmt":"2019-11-08T17:23:58","slug":"impressum","status":"publish","type":"page","link":"http:\/\/bi-erdkabel-innerstetal-und-umgebung.de\/?page_id=43","title":{"rendered":"Impressum"},"content":{"rendered":"\n<h2> Angaben gem\u00e4\u00df \u00a7 5 TMG:<\/h2>\n\n\n\n<p>Volker Sch\u00e4fer<br>Bachstra\u00dfe 8<br>38272 Westerlinde<\/p>\n\n\n\n<p><\/p>\n\n\n\n<h2>Kontakt:<\/h2>\n\n\n\n<table class=\"wp-block-table\"><tbody><tr><td>Telefon:\n\t\t<\/td><td>&nbsp;\n\t\t<\/td><\/tr><tr><td>E-Mail:\n\t\t<\/td><td>380kV-Burgdorf@gmx.net\n\t\t<\/td><\/tr><\/tbody><\/table>\n\n\n\n<h2>Verantwortlich f\u00fcr den Inhalt nach \u00a7 55 Abs. 2\nRStV:<\/h2>\n\n\n\n<p>Volker Sch\u00e4fer<br>Bachstra\u00dfe 8<br>38272 Westerlinde<\/p>\n\n\n\n<p>Quelle: <em><a href=\"http:\/\/www.e-recht24.de\/impressum-generator.html\">http:\/\/www.e-recht24.de<\/a><\/em><\/p>\n","protected":false},"excerpt":{"rendered":"<p>Angaben gem\u00e4\u00df \u00a7 5 TMG: Volker Sch\u00e4ferBachstra\u00dfe 838272 Westerlinde Kontakt: Telefon: &nbsp; E-Mail: 380kV-Burgdorf@gmx.net Verantwortlich f\u00fcr den Inhalt nach \u00a7&hellip;<\/p>\n","protected":false},"author":3,"featured_media":0,"parent":0,"menu_order":0,"comment_status":"closed","ping_status":"closed","template":"","meta":{"spay_email":""},"_links":{"self":[{"href":"http:\/\/bi-erdkabel-innerstetal-und-umgebung.de\/index.php?rest_route=\/wp\/v2\/pages\/43"}],"collection":[{"href":"http:\/\/bi-erdkabel-innerstetal-und-umgebung.de\/index.php?rest_route=\/wp\/v2\/pages"}],"about":[{"href":"http:\/\/bi-erdkabel-innerstetal-und-umgebung.de\/index.php?rest_route=\/wp\/v2\/types\/page"}],"author":[{"embeddable":true,"href":"http:\/\/bi-erdkabel-innerstetal-und-umgebung.de\/index.php?rest_route=\/wp\/v2\/users\/3"}],"replies":[{"embeddable":true,"href":"http:\/\/bi-erdkabel-innerstetal-und-umgebung.de\/index.php?rest_route=%2Fwp%2Fv2%2Fcomments&post=43"}],"version-history":[{"count":1,"href":"http:\/\/bi-erdkabel-innerstetal-und-umgebung.de\/index.php?rest_route=\/wp\/v2\/pages\/43\/revisions"}],"predecessor-version":[{"id":44,"href":"http:\/\/bi-erdkabel-innerstetal-und-umgebung.de\/index.php?rest_route=\/wp\/v2\/pages\/43\/revisions\/44"}],"wp:attachment":[{"href":"http:\/\/bi-erdkabel-innerstetal-und-umgebung.de\/index.php?rest_route=%2Fwp%2Fv2%2Fmedia&parent=43"}],"curies":[{"name":"wp","href":"https:\/\/api.w.org\/{rel}","templated":true}]}}

<h2> Angaben gemäß § 5 TMG:</h2>



<p>Volker Schäfer<br>Bachstraße 8<br>38272 Westerlinde</p>



<p></p>



<h2>Kontakt:</h2>



<table class="wp-block-table"><tbody><tr><td>Telefon:
		</td><td>&nbsp;
		</td></tr><tr><td>E-Mail:
		</td><td>380kV-Burgdorf@gmx.net
		</td></tr></tbody></table>



<h2>Verantwortlich für den Inhalt nach § 55 Abs. 2
RStV:</h2>



<p>Volker Schäfer<br>Bachstraße 8<br>38272 Westerlinde</p>



<p>Quelle: <em><a href="http://www.e-recht24.de/impressum-generator.html">http://www.e-recht24.de</a></em></p>

<p>Angaben gemäß § 5 TMG: Volker SchäferBachstraße 838272 Westerlinde Kontakt: Telefon: &nbsp; E-Mail: 380kV-Burgdorf@gmx.net Verantwortlich für den Inhalt nach §&hellip;</p>
